ands digit of 356863382?
8
What is the thousands digit of 94098?
4
What is the tens digit of 11612005?
0
What is the hundred millions digit of 272846400?
2
What is the tens digit of 29450112?
1
What is the ten thousands digit of 1528491031?
9
What is the tens digit of 69996945?
4
What is the hundreds digit of 52893160?
1
What is the millions digit of 60830769?
0
What is the tens digit of 48928673?
7
What is the millions digit of 35826642?
5
What is the ten thousands digit of 3831510690?
1
What is the millions digit of 66260928?
6
What is the tens digit of 5709033754?
5
What is the millions digit of 97730954?
7
What is the millions digit of 6810587?
6
What is the units digit of 802988607?
7
What is the units digit of 924593821?
1
What is the tens digit of 170383621?
2
What is the millions digit of 990450227?
0
What is the units digit of 141969423?
3
What is the thousands digit of 250027694?
7
What is the ten millions digit of 78680640?
7
What is the hundreds digit of 51533245?
2
What is the ten thousands digit of 129705916?
0
What is the hundred millions digit of 141520217?
1
What is the millions digit of 166969842?
6
What is the millions digit of 45729739?
5
What is the ten millions digit of 229256913?
2
What is the millions digit of 1713060269?
3
What is the units digit of 7712340?
0
What is the ten thousands digit of 63568001?
6
What is the thousands digit of 80711415?
1
What is the millions digit of 66054218?
6
What is the billions digit of 3355490108?
3
What is the hundred thousands digit of 378680797?
6
What is the ten millions digit of 186185186?
8
What is the hundred millions digit of 871928502?
8
What is the tens digit of 1437117354?
5
What is the thousands digit of 542770622?
0
What is the ten millions digit of 11020635?
1
What is the units digit of 33121968?
8
What is the hundreds digit of 223761494?
4
What is the hundred millions digit of 403949351?
4
What is the hundreds digit of 499500610?
6
What is the ten millions digit of 330805095?
3
What is the ten thousands digit of 214172533?
7
What is the hundred thousands digit of 253073942?
0
What is the hundred millions digit of 841446079?
8
What is the tens digit of 21257624?
2
What is the millions digit of 469976867?
9
What is the hundred millions digit of 704110511?
7
What is the hundred thousands digit of 786702130?
7
What is the tens digit of 52283180?
8
What is the ten millions digit of 1149924600?
4
What is the millions digit of 796275342?
6
What is the tens digit of 37830052?
5
What is the tens digit of 304655380?
8
What is the units digit of 3595561146?
6
What is the ten thousands digit of 1023272278?
7
What is the millions digit of 45780643?
5
What is the tens digit of 3458841721?
2
What is the thousands digit of 88000583?
0
What is the hundred thousands digit of 305136517?
1
What is the tens digit of 688027645?
4
What is the ten millions digit of 1717278618?
1
What is the tens digit of 102919217?
1
What is the thousands digit of 2602451?
2
What is the tens digit of 7688832102?
0
What is the ten thousands digit of 412129606?
2
What is the hundreds digit of 145921889?
8
What is the millions digit of 188721081?
8
What is the tens digit of 192369360?
6
What is the hundred thousands digit of 161316034?
3
What is the tens digit of 3443043152?
5
What is the hundred thousands digit of 28482721?
4
What is the hundred thousands digit of 15347436?
3
What is the thousands digit of 8713835419?
5
What is the hundred millions digit of 758641277?
7
What is the thousands digit of 1959882038?
2
What is the tens digit of 40751427?
2
What is the hundreds digit of 138497173?
1
What is the hundreds digit of 456936303?
3
What is the ten thousands digit of 159511778?
1
What is the tens digit of 57243739?
3
What is the units digit of 329082751?
1
What is the billions digit of 1515971309?
1
What is the hundreds digit of 1490644475?
4
What is the tens digit of 6733893?
9
What is the units digit of 655583513?
3
What is the thousands digit of 75199443?
9
What is the ten thousands digit of 10569335?
6
What is the thousands digit of 1115104551?
4
What is the hundred thousands digit of 148308639?
3
What is the ten millions digit of 1867574239?
6
What is the tens digit of 556271698?
9
What is the billions digit of 2308074868?
2
What is the tens digit of 29232439?
3
What is the tens digit of 2915016250?
5
What is the millions digit of 151585052?
1
What is the tens digit of 26302450?
5
What is the tens digit of 310552690?
9
What is the thousands digit of 4063384372?
4
What is the tens digit of 6476702857?
5
What is the units digit of 84744557?
7
What is the thousands digit of 1551020463?
0
What is the hundreds digit of 203160772?
7
What is the ten thousands digit of 177304909?
0
What is the hundred millions digit of 1069399475?
0
What is the hundreds digit of 104731996?
9
What is the hundred millions digit of 3774635218?
7
What is the hundred thousands digit of 39319142?
3
What is the millions digit of 47621950?
7
What is the ten thousands digit of 2359403943?
0
What is the ten thousands digit of 294462579?
6
What is the ten millions digit of 4158888826?
5
What is the ten millions digit of 516124202?
1
What is the tens digit of 2686637317?
1
What is the millions digit of 830883650?
0
What is the thousands digit of 397453024?
3
What is the tens digit of 1013385606?
0
What is the thousands digit of 388083890?
3
What is the hundred millions digit of 188018791?
1
What is the ten millions digit of 37673702?
3
What is the hundreds digit of 38135757?
7
What is the hundred thousands digit of 1622672690?
6
What is the ten millions digit of 160046830?
6
What is the ten millions digit of 12751086?
1
What is the tens digit of 132520765?
6
What is the hundred thousands digit of 29182877?
1
What is the hundred thousands digit of 419111177?
1
What is the ten thousands digit of 284174774?
7
What is the hundred thousands digit of 1413784105?
7
What is the tens digit of 196259692?
9
What is the ten thousands digit of 28784565?
8
What is the thousands digit of 56332863?
2
What is the billions digit of 7428545766?
7
What is the hundreds digit of 45046750?
7
What is the hundred thousands digit of 41137978?
1
What is the thousands digit of 276786247?
6
What is the millions digit of 568972249?
8
What is the millions digit of 930285581?
0
What is the ten thousands digit of 35311384?
1
What is the hundreds digit of 138031673?
6
What is the hundred thousands digit of 705982440?
9
What is the ten thousands digit of 66044105?
4
What is the hundreds digit of 1376215208?
2
What is the tens digit of 65700127?
2
What is the thousands digit of 430422439?
2
What is the hundred thousands digit of 8545079178?
0
What is the millions digit of 244619914?
4
What is the ten millions digit of 879708209?
7
What is the tens digit of 115718437?
3
What is the ten millions digit of 77301477?
7
What is the tens digit of 1330885578?
7
What is the units digit of 276745844?
4
What is the hundred millions digit of 128951878?
1
What is the millions digit of 34718998?
4
What is the ten millions digit of 78684835?
7
What is the hundred millions digit of 145071774?
1
What is the ten thousands digit of 361136561?
3
What is the millions digit of 941857376?
1
What is the tens digit of 500796195?
9
What is the millions digit of 347199993?
7
What is the ten millions digit of 48200319?
4
What is the hundreds digit of 217456986?
9
What is the thousands digit of 19427250?
7
What is the units digit of 3660435857?
7
What is the ten thousands digit of 12647955?
4
What is the hundred millions digit of 892833341?
8
What is the thousands digit of 209643090?
3
What is the ten thousands digit of 575770347?
7
What is the millions digit of 1908478474?
8
What is the ten millions digit of 123066322?
2
What is the tens digit of 223647328?
2
What is the millions digit of 1593358956?
3
What is the hundreds digit of 36280784?
7
What is the ten thousands digit of 231395769?
9
What is the hundred millions digit of 5337283828?
3
What is the tens digit of 268041167?
6
What is the hundred millions digit of 566037339?
5
What is the tens digit of 1616666048?
4
What is the tens digit of 22597203?
0
What is the tens digit of 371128829?
2
What is the ten thousands digit of 85463914?
6
What is 